. What is the hundreds digit of z?
9
Let n = -21 - -6. Let u be (-840)/(-9)*n/(-10). Suppose 0 = -6*z + z + u. What is the units digit of z?
8
Suppose -4*c - 2297 = 271. Let p = -319 - c. What is the units digit of p?
3
Suppose 60*p - 161 = 919. Let y(i) = 19*i**2 + i. Let v be y(1). Suppose -p*z + v*z = 4. What is the units digit of z?
2
Let n be (1 + 126/(-4))*-2. Suppose -4*t - 17 = -n. Suppose 4*g - 162 = z, g - t = z + 31. What is the units digit of g?
0
Let v be (52/5 + 12/20)/1. Suppose j + v*j - 12336 = 0. What is the units digit of j?
8
Suppose c - 13 = 3. Suppose -c = 10*b - 14*b. Let p(k) = 2*k**3 - 2*k**2 - 4*k + 4. What is the units digit of p(b)?
4
Let h(a) = -1319*a**3 - 4*a. Let y be h(-2). Suppose y = -86*l + 98*l. What is the hundreds digit of l?
8
Let u be ((-5)/(-4))/((-9)/72). What is the thousands digit of (6276/u)/(6/30*-2)?
1
What is the hundreds digit of 3730*(-2)/6*(-14 + 10 + -5)?
1
Let k(y) = 2*y - 22. Let w be k(11). Suppose -5*i - 20 = 0, c + i + 2*i - 337 = w. What is the units digit of c?
9
Let b(h) = h**2 - 38*h - 643. Let t be b(51). Let q be ((-3)/(-2))/(6/56). Let m = t + q. What is the tens digit of m?
3
Let k(j) = 7*j**2 + 16*j**2 - 5*j - 1 - 2*j**3 - 19*j**2. Let a be k(-5). Let t = -217 + a. What is the tens digit of t?
5
Let r(t) = 2*t**2 + 29*t + 5. Let o be r(-14). What is the tens digit of -14*(63/(-6))/(o/(-21))?
4
What is the thousands digit of (2348/(5/(-1) - 0))/(191/(-1910))?
4
Let t(w) = w**3 - w**2 - 16. Let j be t(0). Suppose -2*m - 18 = a - 7, 5 = -2*m + 5*a. What is the units digit of (-13)/((-520)/j) + (-862)/m?
2
Let z(p) = -7*p**2 + 57*p - 101. Let q(x) = -3*x**2 + 28*x - 51. Let r(t) = -5*q(t) + 2*z(t). Let s be r(22). Let v = s + 72. What is the units digit of v?
7
Let n(t) = -t**3 - 5*t**2 - 5*t + 5. Let r be n(-3). Suppose -k = 2*k - 5*q + 727, 2*q - 490 = r*k. Let v = -127 - k. What is the tens digit of v?
2
Let t(d) = -d + 3. Let s be t(-1). Suppose 1639 = s*z - j - 0*j, 3*z - 2*j - 1233 = 0. What is the tens digit of z?
0
Suppose 16*i + 130627 = 25*i - 2*i. What is the hundreds digit of i?
6
Suppose -4*h = -7*h - 2*p - 1006, -h - 352 = 4*p. Let b = h - -229. Let k = b - -273. What is the units digit of k?
0
Suppose 14*h - 23*h = -27. Suppose 4*r = 4*o + 60, -6 = -o - h. What is the units digit of r?
8
Let x(y) be the second derivative of 3*y**5/20 - y**4/2 - 2*y**3/3 + 2*y**2 - 3*y - 4. What is the units digit of x(5)?
9
Suppose 1020 = -15*x - 5*x. Let j = x - -143. What is the tens digit of j?
9
Suppose -82*f + 1253136 - 128342 = 0. What is the thousands digit of f?
3
Let v = 65190 + -35094. Suppose v = 15*h + 3*h. What is the tens digit of h?
7
Let a(o) = -2*o**2 + 11*o - 47. Let v be a(14). Let z = v + 476. What is the tens digit of z?
9
Suppose -5*x = -5*n + 40, -2*x - 4*n + 3 = -5. Let p be (2/x)/(7/(-56)). Suppose 5*v - 3*q - 57 = 2*v, -92 = -5*v + p*q. What is the units digit of v?
6
Suppose 5*m = -2*u + 24, -26 = -3*m - 3*u - 8. Let p(x) = 235*x + 1. What is the units digit of p(m)?
1
Let w be (4*3/6)/(1/36). Let l = 447 - w. What is the tens digit of l?
7
Suppose 150*z - 267376 = 116*z. What is the thousands digit of z?
7
Let c(z) = 229*z**3 + 2*z**2 - 79*z + 293. What is the thousands digit of c(5)?
8
Let m = -192 + 197. Suppose 4*l - m*z = 4500, 6*z - 11*z = 20. What is the hundreds digit of l?
1
Suppose -33*a = -2168 - 67825. Let z = -1377 + a. What is the units digit of z?
4
Suppose -2*v + 22 = -4*a, a = v - 0 - 4. Let n = a - -6. What is the units digit of n + -2 + (-76)/(-19)?
1
Let c(x) = -66*x**3 + 8*x**2 + 6*x - 16. What is the tens digit of c(-6)?
9
Let d be (-3 - 2)*(-9)/(-9). Let r be 15/2*(-8)/d. Suppose -2*k + 5*b = r, b + 2 - 6 = 0. What is the units digit of k?
4
Let n(k) = 124*k - 857. What is the units digit of n(27)?
1
Suppose -3*w = 35*x - 37*x + 52468, -3*x + 5*w = -78700. What is the ten thousands digit of x?
2
Let q(j) = 19*j + 4. Let b(v) = -21*v - 2. Let f(l) = 7*b(l) + 6*q(l). What is the tens digit of f(-33)?
9
Suppose -3*x + 7325 = -2*w, 0*x = x + 4*w - 2465. What is the units digit of x?
5
Let d = 2708 - 1144. Suppose -3*z = z - d. What is the tens digit of z?
9
Let z(p) = 4 - 927*p + 917*p + 5 + 55*p**2. What is the units digit of z(1)?
4
Suppose -4843 = 15*t + 11312. Let n = t + 1692. What is the units digit of n?
5
Let f(c) = 16*c**2 - 23*c - 33. Let d be f(-21). Suppose 26*v = 8*v + d. What is the units digit of v?
7
Let h(x) = 8*x + 44. Let g be h(-8). What is the units digit of (g - 14)*82/(-4)?
7
Let s be 5*(-3 - 93/(-15)). Suppose -6*k = -9*k + 1836. Suppose s*j + k = 22*j. What is the units digit of j?
2
What is the hundreds digit of (45720/(-480) + (-6)/8)*4234/(-8)?
8
Let j = -646 + 349. Let i = 346 - j. What is the units digit of i?
3
Let x be 13*-6*(5/(-10) + 0). Suppose -9*o = -x - 150. What is the tens digit of o?
2
Let h(a) = a**3 - 71*a**2 + 231*a - 84. What is the tens digit of h(69)?
3
Let g(b) = -5*b - 8. Let k be g(-2). Suppose 4*t + u - 2 = 0, k*t + 0*u = u + 4. Let o(d) = 83*d. What is the units digit of o(t)?
3
Let l = 99 + -83. Let k(o) = -o**2 + 39*o - 38. What is the units digit of k(l)?
0
Let c = 73 - 12. Suppose 3*h = m - c, -3*m - 5*h = -115 - 54. Suppose 326 = 4*q + 4*x + m, -3*x + 135 = 2*q. What is the tens digit of q?
6
Suppose 15030 = -213*o + 215*o. What is the thousands digit of o?
7
Let u(d) = -d**3 - 48*d**2 - 56*d - 333. What is the tens digit of u(-48)?
5
Let l(p) = -22*p - 12 + 2*p - 5. Let v be l(-3). Let j = 205 - v. What is the units digit of j?
2
Let y(b) = -3*b**2 - 14*b - b - 23 + 6*b**2. Let z be y(-10). Let w = z - 239. What is the tens digit of w?
8
Let x(s) = 8 + 5*s - 9 + 3. Let y be x(6). Let n = y - 14. What is the units digit of n?
8
Suppose 4*h + 902 = -2*t + 150, -3*h = t + 380. Let n = -200 - t. What is the units digit of n?
8
Let w(i) = -i**2 + 15*i + 2. Let o be w(15). Let b be 379 + o/(-5 + 3). Suppose -6*h - b + 1374 = 0. What is the units digit of h?
6
Let m be 46/4 - 3/(-6). Let f be 4/m + (-68)/(-12). Suppose -f*s = -10*s + 8. What is the units digit of s?
2
Let l = 112626 - 66856. What is the units digit of l?
0
Suppose 0 = -2*j - x + 5, -4*j - 6*x = -2*x - 20. Suppose j = -7*k + 29*k - 44. What is the units digit of k?
2
Let p(i) = -85*i**3 + 8*i**2 - 11*i + 3. Let m(w) = -86*w**3 + 7*w**2 - 10*w + 2. Let n(x) = 7*m(x) - 6*p(x). What is the tens digit of n(-1)?
9
Let z be (5/(-2))/((-5)/(-80)) - 2. Let g = 40 + z. What is the units digit of 5/g*338/(-65)?
3
Let t be -82 + 0 + -2 + -1. Let o(d) = -3*d**2 - 38*d - 83. Let r be o(-14). Let p = t - r. What is the units digit of p?
4
Suppose 43*z = 18*z + 22325. Let u = z - 487. What is the tens digit of u?
0
Let f be -158*(-21)/(-14)*(-2)/6. Suppose 4*s = 199 - f. Suppose -4*b + 278 + s = 0. What is the units digit of b?
7
Suppose 2 = 4*j - d - 6, -5*j + 2*d + 7 = 0. Suppose -3*a - j*v + 909 = 0, -2*a + 3*v = -203 - 393. What is the units digit of a?
1
Let u = 2427 - -3715. What is the thousands digit of u?
6
Suppose 0 = 2*z + 2*z - 5*k - 9 - 7, -k = 0. Suppose 0 = -d + 2*d - 494. Suppose z*c = 26 + d. What is the hundreds digit of c?
1
Suppose 0 = -5*u - y + 10 - 74, 0 = -3*u - y - 36. Let j(d) = -6*d - 4*d + 4 + 0*d. What is the units digit of j(u)?
4
Let a(o) = 28 + 200*o - 195*o + 3. Suppose s = 5*n - 14, 4*s - 2*s - 4*n - 2 = 0. What is the units digit of a(s)?
6
Let u(z) = -469*z**3 - 2*z**2 - 9*z - 18. What is the tens digit of u(-3)?
5
Suppose 4*q + 59 = 15. Let o(a) = -a**3 - 9*a**2 + 13*a + 23. What is the units digit of o(q)?
2
Let a(x) = x**3 - 60*x**2 + 207*x - 336. What is the tens digit of a(60)?
8
Suppose 0 = 27*k + 984244 - 103774. What is the hundreds digit of 3/(-15) + k/(-50)?
6
Let a be 1 + 2*(-12)/(-8). Suppose -3*j = 5*y - 1227, 0 = -3*j + 4*j - a. Suppose 0*f + 3*f - y = 0. What is the units digit of f?
1
Let b(v) = v**3 + 23*v**2 + v + 61. Let d be b(-23). What is the tens digit of (-5946)/(-34) + d/323?
7
Let v(z) = -6*z**2 - 30*z + 35. Let r(d) = 4*d**2 + 20*d - 23. Let t(m) = -8*r(m) - 5*v(m). Suppose u - 5*u = 16. What is the tens digit of t(u)?
1
Let b(q) = 2*q**2 - 12*q + 19. Let f be b(4). Suppose -5*i + 3*c = -680 - 675, f*i = -4*c + 813. What is the units digit of i?
1
Let s = 1983 - 1922. Su